 be z(g). Let k(u) be the first derivative of -u**2 + u + 1. Determine k(w).
-3
Let a(s) = s**3 + 3*s**2 + 3*s + 3. Let t be a(-3). Let p(w) = -w**3 - 5*w**2 + 8*w + 8. What is p(t)?
-4
Let o be 3 + 0 + 2 + 0. Suppose -o*b + 8 = -3*b. Let v(f) = f**2 - f - 1. Give v(b).
11
Let o(n) be the first derivative of 3*n - 1/2*n**2 + 4/3*n**3 - 1/4*n**4 + 4. Calculate o(3).
9
Let b(n) = -n**2 + n. Let x(z) = 7*z**2 - 5*z + 6. Let o(f) = -6*b(f) - x(f). What is o(0)?
-6
Let j = 10 + -5. Suppose 3*q - j*n - 4 + 24 = 0, -2*n + 8 = 2*q. Let c(i) be the first derivative of -i**2/2 + 4*i - 1. What is c(q)?
4
Let p(g) = 6*g**2 - 2*g - 6*g**3 + 5*g**3 + 0*g**2 + 3 - 6*g. What is p(5)?
-12
Let r = 20 + -16. Suppose 0 = 4*a + r. Let u(z) = 10*z**2 + z. Determine u(a).
9
Let i(g) = -g + 1. Let c(q) = -q**3 + 2*q**2 + 3*q - 3. Let n be c(3). Determine i(n).
4
Let z(g) = 2*g - 7. Let v be z(5). Let p(y) = -v*y**2 + 4*y**2 - 6*y + 2 + 3*y - 5. Give p(4).
1
Let i be -7 + 6/9*-3. Let d = i - -8. Let j(f) = 4*f**2 - 1. Determine j(d).
3
Suppose 0 = 4*n + 2*r - 16 + 6, -n - 20 = -4*r. Suppose -2*u + u = n. Let f(o) = u*o + o + 4 + 4*o + o**2. Calculate f(-5).
4
Let k(f) = -f**3 + f**2 + f. Let g(y) = 3*y**3 + 4*y**2 + 5*y + 6. Let l(b) = g(b) + 2*k(b). Give l(-5).
-4
Let n(k) = k**3 + 9*k**2 + 7*k - 7. Let h be (2 + 14/(-4))/(33/176). Calculate n(h).
1
Let f(b) = -b**2 + 2*b - 2. Suppose n = 2, 3*n = -l + 6*n - 3. Suppose 4*m + m + l*h = 3, 0 = -m - h - 1. Calculate f(m).
-5
Let n(y) = y**3 + 2*y**2 - 3*y + 3. Let o be n(-3). Let v = -1 + o. Let l(g) = -4*g - 6*g**v + 7*g**2 - 3 + 0. Give l(5).
2
Suppose 6*h = 2*h - 16. Let l be (-15)/h - (-5)/20. Let v(s) = -2 + 3*s - l*s + 4*s + s. Calculate v(2).
6
Suppose 4*z + 2 = 14. Suppose z + 15 = -2*h. Let m(f) = 11*f**2 - 9*f - 9. Let p(b) = -5*b**2 + 4*b + 4. Let j(c) = h*p(c) - 4*m(c). Give j(-3).
9
Let c = 106 - 56. Suppose 2*a - 2 = 0, 3*n + c = -4*a + 132. Suppose 3*h - 5*s = 7*h - n, -h + 6 = s. Let f(k) = -k**2 + 3*k + 2. Calculate f(h).
-2
Let h = 5 - 3. Let y(v) = h*v**2 + 3*v - v**2 - 4 - 2. Let a be -3 + (4 - (5 - -1)). Give y(a).
4
Let u(m) be the first derivative of -m**3/3 - 16*m - 1. Determine u(0).
-16
Let n(p) = p**3 + 5*p**2 + 5*p - 1. Let t be n(-4). Let v be (-2 + (0 - t))/1. Let y(l) = 3 - 1 + 2*l - v*l. Give y(5).
-3
Let f(u) = u. Let n(p) = 2*p - 9. Let x be n(6). Suppose 5*j = -5*k + 10, -1 + 15 = x*k - 5*j. Suppose -k*t - v - 3 = 1, 4*t - 5*v - 20 = 0. Determine f(t).
0
Let l(v) = -v**2 + 10*v + 3. Let t be l(10). Let s = -2 + 4. Suppose t*x - s*x - 3 = 0. Let g(u) = -u**3 + u**2 + 3*u + 1. Calculate g(x).
-8
Let t(s) = s + 11. Let j be t(-8). Let i(b) = 6 + 1 - 6 + 7*b + 6*b**2 + b**j + 4. Let z = -9 - -5. What is i(z)?
9
Suppose -h - 6 = -2. Let d(s) = s**3 + 3*s**2 - 6*s - 3. What is d(h)?
5
Let d(f) = f**2 - 3*f + 3. Let l be d(3). Suppose -4*y = l + 17. Let x(c) = -c - 5. Determine x(y).
0
Let f(o) = 4*o**3 + 4*o**2 - 2*o + 7. Suppose -z - 12 = -3*m - m, z = 0. Let p(s) = 11*s**3 + 12*s**2 - 5*s + 20. Let l(n) = m*p(n) - 8*f(n). Determine l(-4).
0
Suppose -2*c + 4 = -c. Let y be (-5 - -1)*3/c. Let r(v) = -v**2 - 3*v + 1. What is r(y)?
1
Let a(n) = -6 - 11*n - 5 + 233*n**2 - 234*n**2. Calculate a(-9).
7
Suppose 3*b - 3 = 3*z, 7*b - 13 = 4*b - 2*z. Let y(a) be the second derivative of 2*a + 0 + 1/3*a**b - a**2. Determine y(2).
2
Let i = 10 - 5. Let u(s) = 0*s + 4*s - i*s + 2*s. Determine u(-1).
-1
Let o(k) be the first derivative of -3*k**2/2 - 7. Let t(q) = -q**2 + 8*q + 3. Let l be t(8). Suppose -6 = -0*s + l*s. What is o(s)?
6
Suppose 5*m + 0*m + 25 = 0, 4 = -z - m. Let d = 1 + z. Suppose -r - d = r. Let c(l) = -3*l**2 + 1. What is c(r)?
-2
Let x(i) = -i**2 + 6*i - 6. Let g(p) = 3*p**3 - 2*p**2 + 1. Let k be g(1). Suppose k*m - 7*m = -20. Give x(m).
2
Let w(g) = -1 - 1 + 0 - g. Let v(r) = 2*r + 4. Let c be v(-2). What is w(c)?
-2
Let w(s) = -s**3 - 3*s**2 + 3*s - 2. Let o be w(-4). Let p(j) = 10*j**o - 8*j**2 - 2 + 4. Let b be (-5)/(-2) - (-2)/(-4). Determine p(b).
10
Let c(s) = 4*s**2 - 3 + s**3 + 0 + 3*s**2 + 0*s + 8*s. What is c(-6)?
-15
Suppose 6*c = 9*c. Let o(p) be the first derivative of -1/2*p**2 + c*p - 1. What is o(-2)?
2
Let l(g) = -7*g**2 + 3*g + 2. Let r(y) = -y**2 + y + 1. Let n = 5 - -1. Let f(i) = n*r(i) - l(i). Let q be (-4)/2 - (0 + 1). Determine f(q).
4
Let h(k) = k - 1. Let j(s) = 2*s**2 - 2*s - 7. Let l(g) = 3*h(g) - j(g). Determine l(4).
-8
Suppose 4 = 2*h - 4*h. Let c = 1 - h. Let s(q) be the third derivative of -q**6/120 + q**5/12 - 5*q**4/24 + 2*q**3/3 + 3*q**2. Give s(c).
7
Let j = -28 + 45. Let p(b) = 26*b - j*b - 7*b. Let v(t) = t**3 + 4*t**2 - 2*t - 6. Let h be v(-4). Give p(h).
4
Let y be -4 + -4*(-1)/2. Suppose 2*o - 4 + 0 = 0. Let q(u) = -3*u**3 + 7*u**2 - 3*u - 1. Let z(j) = -j**3 + 3*j**2 - j. Let m(k) = o*q(k) - 5*z(k). Give m(y).
4
Let c(h) = h**2 + h + 4. Let w be c(0). Let j(r) = 5*r + 0*r**2 - 11*r - r**2 - w. Calculate j(-5).
1
Let x(i) = -3*i - 1 + i**2 + 4 + 0 + 0. Give x(3).
3
Let b = -1 - -3. Let z(x) be the first derivative of -3*x - b*x**2 + 3*x - 2. Give z(1).
-4
Let y(c) be the second derivative of 0 + 1/2*c**3 + 0*c**2 - c. What is y(-1)?
-3
Let n(b) = -b**2 + 9*b - 13. Let u = -49 + 58. Calculate n(u).
-13
Let y(q) = -11*q + 13*q - 1 - 1. Suppose 2*h = 3*h - 2. Calculate y(h).
2
Suppose 4*o = -20 + 44. Let j(b) = -b**2 + 8*b - 9. Calculate j(o).
3
Let j(f) be the second derivative of f**4/12 + 7*f**3/6 - f. Let c be -2*2/(32/40). Calculate j(c).
-10
Let g(n) = -n**3 - n**2 + n - 2. Suppose 0*x - 12 = 4*x. Calculate g(x).
13
Let j(n) = 5 - 3*n**2 - 3 + 5*n**2 + 3*n**2 + 4*n. What is j(-2)?
14
Let v(p) = p + 1. Let d be v(2). Let j be -1 - -2 - (4 + d). Let f be (3/j)/(1/2). Let y(g) = 6*g. What is y(f)?
-6
Let y(x) = -2*x - 8. Let t(i) = -11*i - 6. Let s be t(0). What is y(s)?
4
Let c(i) = -i + 0*i - 5 + 3 - 1 + i**2. What is c(-4)?
17
Let r be (-25)/4 - (-2)/8. Let b(h) = -h**2 - 6*h - 6. Calculate b(r).
-6
Let b(w) = -2*w - 3. Let s be b(-3). Let m(k) = -4*k**3 + 0*k + k**s + 2*k**3 - 3*k - 3*k**2. What is m(-3)?
9
Let a(z) = -3 + z**2 + 7 - 6*z + 3 + 0. Let x be 1/4*(11 + 9). What is a(x)?
2
Let a(y) = 2*y + 4 - 3 - 4*y + y**2. Let n = -8 + 17. Suppose 3*q - 4*m - m + n = 0, 0 = 2*q - 5*m + 11. Determine a(q).
1
Let i(o) be the first derivative of -o**3/3 - 3*o**2 + o + 12. Calculate i(-6).
1
Let g(w) = -3*w**3 - 1. Suppose -2*j + 5 = 3*j. Calculate g(j).
-4
Let r(t) = 27*t**2 - 3*t - 5. Let p(v) = 18*v**2 - 2*v - 3. Let g(d) = -8*p(d) + 5*r(d). Determine g(1).
-9
Let h(l) = -3*l**2 - 2*l + 21. Let q(c) = -c**2 - c + 7. Let j(i) = -3*h(i) + 8*q(i). What is j(5)?
8
Let n be (-17 + (-4)/(-2))*-1. Let l(x) = -n + 12 - 3*x**2 + 0*x**3 + x**3. What is l(4)?
13
Let g(r) = -5*r**3 - 4*r**2 + 3*r - 7. Let o(k) = -4*k**3 - 4*k**2 + 3*k - 6. Let h(t) = 5*g(t) - 6*o(t). Calculate h(3).
1
Suppose 2*n = 3*n. Let d(q) = -3*q**2 + q + 3. Let t(x) = -4*x**2 + 2*x + 2. Let g(i) = 3*d(i) - 2*t(i). Give g(n).
5
Let y = -7 - -12. Let b = y - 1. Let j(t) = b - 2*t + 3*t + t. Calculate j(-4).
-4
Let g(j) = j**3 + 3*j**2 - 5*j. Let r be g(-4). Suppose r = k + 3. Let c(x) = -5*x. Determine c(k).
-5
Let m(t) = -4*t + 1. Let x(n) be the second derivative of n**3/2 - n. Let a(r) = -4*m(r) - 6*x(r). What is a(-6)?
8
Let s(l) be the first derivative of l**2/2 - 21*l - 3. Let r be s(15). Let c(i) = -2*i + 1. Give c(r).
13
Let q = -4 + 6. Let z = 6 + -3. Let r(p) = -1 + 1 + 2*p**q + z + 3*p. Give r(-2).
5
Let q(d) = -d**2 + 4*d + 1. Let t(p) = 6*p - 5. Let a(z) = 5*z - 5. Let r(g) = -5*a(g) + 4*t(g). Let l be r(-4). Suppose y + 2*y - l = 0. Determine q(y).
4
Suppose t - 27 = -5*p, -4*p = -5*t + 19 + 29. Let r be t/(-42) - (-5)/(-7). Let f(j) = -11*j. Give f(r).
11
Let f be ((-4)/3)/((-4)/6). Suppose -2*v - 1 = -9. Let a(g) = -1 + v - f - 5*g**2 - g. Give a(1).
-5
Let b(r) = -r + 5. Suppose 0 = 5*l + 4*a - 55, 41 = 3*l - 5*a + 8. Give b(l).
-6
Suppose 3*w - o = 12, 4*w = -2*o - 2*o + 32. Let t(f) = -5*f**2 + f**2 - 4*f + 5*f**2 - 3 - 1. Determine t(w).
1
Suppose 8*n = 6*n + 16. Let t(s) = -s**3 + 7*s**2 + 9*s - 7. Determine t(n).
1
Suppose 3*z + 4*j = 24, 0 = -2*z + 4*j - 4. Let k(d) = d**2 - 4*d. What is k(z)?
0
Let f(r) = 2*r**2 + 2*r. Let m(h) = 3*h**2 + 2*h - 1. Let 